ive of 0 + 1/8*x**4 - 5*x**2 + 2/3*x**3 + 0*x + 1/60*x**5. What is z(v)?
8
Let h(m) = -8 + m**2 + 8 + 2*m. Let a(l) = -l**3 - 5*l**2 - 3*l - 3. Let f be a(-5). Suppose 5*c - f = 9*c. What is h(c)?
3
Let u(l) = l**3 + 11*l**2 - 13*l - 9. Let h be 8/(-12) + 34/(-3). Let z be u(h). Suppose z*o + 12 = -o. Let d(f) = 2*f + 2. What is d(o)?
-4
Let m(c) = c**2 - 13. Suppose 5*y - 7*y = 4*y. Calculate m(y).
-13
Let f(r) be the second derivative of -r**4/12 + 2*r**3/3 + 3*r**2/2 - r. Let v(h) = -h**2 - 56*h + 4. Let j be v(0). Give f(j).
3
Let v(n) = n**3 - 13*n**2 - 73*n + 79. Let h be v(17). Let b(a) = a**3 + 5*a**2 - 6*a + 1. What is b(h)?
1
Let s(h) = 4*h**2 - 3*h - 1. Let y be s(-2). Let w be 1/3*y/1. Let l(v) = w*v + 8*v + 2 - 2. What is l(-1)?
-15
Let w(v) = 31*v**3 + v**2 - 2*v + 1. Let i be 0 + 1 + -4 + -2 + 6. What is w(i)?
31
Let f(c) = -c. Let d(u) = 3*u + 1. Let z(x) = -d(x) - 2*f(x). Let a = 9309 - 9310. What is z(a)?
0
Let y(c) = c - 2*c + 4*c. Let o(q) = -125*q - 252. Let u be o(-2). Determine y(u).
-6
Let v(r) = -28*r - 30*r - 5 + 56*r. Give v(6).
-17
Let b = -206 - -211. Let n(m) = m**3 - 5*m**2 + 3*m - 5. Calculate n(b).
10
Let t(m) = -1 - 2*m**2 + m**2 + m**3 - 8. Suppose 0 = -7*h + 11*h. Let c(i) = -i**2. Let v be c(h). Calculate t(v).
-9
Suppose 33*t + 203 - 71 = 0. Let y(r) = 5*r - 2. Determine y(t).
-22
Let o be -6 + 2 + 52/13. Let k(s) = 13*s + 6. Let x(b) = 7*b + 3. Let t(m) = -6*k(m) + 11*x(m). Give t(o).
-3
Let y(u) = 0*u**2 + 20*u**3 - 9*u**3 - u**2 - 7*u**3. Determine y(-1).
-5
Let v = 2034 + -2041. Let j(x) = -x**3 - 8*x**2 - 3*x + 1. Determine j(v).
-27
Let b be 22/8 - (-12)/(-16). Let q(m) = -8 - 5*m**2 + 10*m**b + m**2 - 7*m**2. Give q(0).
-8
Let h(o) = -19*o + 14. Let r(m) = -35*m + 28. Let b(s) = -11*h(s) + 6*r(s). Calculate b(5).
9
Let u(j) = 4*j + 8. Let d(n) = -5*n - 2*n + 174 - 189. Let s(g) = -3*d(g) - 5*u(g). Calculate s(0).
5
Suppose 0 = -41*p + 45*p - 12. Let y(m) = -6*m + 11. What is y(p)?
-7
Suppose 2 = -p, 2*l - p - 20 = -6. Let s(q) = -3*q + 1. Let x(m) = 6*m - 2. Let w(r) = l*x(r) + 13*s(r). Determine w(-4).
13
Suppose 501 - 609 = -54*s. Let l(b) = -b. Let i(q) = q**3 - q**2 + q. Let o(c) = i(c) + l(c). Calculate o(s).
4
Let r(i) = -i - 7. Let a(x) = 1. Let k(q) = 3*a(q) + r(q). Let g(t) = -6 + 3*t**2 - 3*t**3 + 0*t**3 - 10*t**2 + 6*t + 4*t**3. Let o be g(6). Determine k(o).
2
Let a(b) = -1661 + 829 + 828 + 8*b - 4*b**2 - b**3. Give a(-6).
20
Let x(l) be the first derivative of -1/3*l**3 + 19 + 5/2*l**2 - 6*l. What is x(6)?
-12
Let b(m) be the third derivative of m**6/120 + 7*m**5/60 - m**4/4 + 7*m**3/6 - 2*m**2 - 4. Give b(-8).
-9
Let p(q) = 2*q**2 + 3*q - 5. Let w be 1/(-3 + (-15)/(-20) + 2). Calculate p(w).
15
Suppose s = 33 - 35. Let u(l) = -l**3 - l**2 - 6*l - 3. Determine u(s).
13
Let x(m) be the third derivative of -m**5/60 + 5*m**4/12 - 5*m**3/3 - 182*m**2. Determine x(7).
11
Let k(h) = 3*h - 2. Let p(c) = -4*c + 2. Let y(q) = 5*k(q) + 4*p(q). What is y(6)?
-8
Let l(w) be the third derivative of w**6/120 - w**5/10 + w**4/24 - w**3/6 + 2*w**2. Determine l(6).
5
Let j(h) be the first derivative of -3*h**2/2 - 5*h - 159. Calculate j(-2).
1
Let c(z) = z**3 + 2*z**2 + z + 2. Suppose 6*f = 3*f. Suppose 0 + 1 = -k, f = 4*q + k + 9. Calculate c(q).
0
Let g(x) be the third derivative of -x**6/120 + x**5/12 - x**4/4 + x**3 + 3*x**2 - 17*x. Determine g(4).
-2
Let o be 91 - ((-4)/(-6) - (-10)/(-6)). Let w = -98 + o. Let g(a) = -2*a - 5. Calculate g(w).
7
Let d be ((-14)/(-4) - 1)*4*2. Let q be (-4)/(d/15 - 2). Let m(s) = -s**3 + 5*s**2 + 6*s - 8. Determine m(q).
-8
Let b(j) = 6*j + 5*j**2 + 11*j**2 + 3 - 15*j**2 - 2. Determine b(-4).
-7
Let j(i) = -i**3 - 2*i**2 + 2*i. Let k(l) = -2*l**3 - 3*l**2 + 8*l + 3. Let c(g) = -3*j(g) + k(g). Calculate c(-3).
-3
Let u(k) = k**3 + 6*k**2 - 10*k - 16. Let r be u(-7). Let s(c) be the third derivative of -c**5/60 + 5*c**3/6 - 4*c**2. Calculate s(r).
-20
Let v(i) = i**3 - 6*i**2 - 2 + 0 - 4*i - 3*i. Suppose -2*c - 5*a = -c - 32, 0 = -2*c + 2*a + 4. What is v(c)?
-2
Let a(w) be the third derivative of -w**5/60 - 5*w**4/24 + w**3/3 - 7*w**2 + 7*w. Give a(-7).
-12
Let s(a) be the third derivative of a**4/24 - a**3/3 - a**2. Let t(v) = 4*v + 39. Let w be t(13). Let n = 88 - w. What is s(n)?
-5
Let t(d) = -d**3 - 2. Let p(r) = -r**3 - r**2 - 3. Let k(s) = -p(s) + 2*t(s). Calculate k(1).
-1
Let d be (-21)/(-42) + ((-25)/10 - -4). Let l(v) be the first derivative of d*v + 0*v**2 - 1/3*v**3 - 1. Calculate l(0).
2
Let n(f) = 4 - 6*f - 1 - 4*f + 3*f + f**2 - 1. Determine n(6).
-4
Let w(p) = 5*p + 6 - 3 + 16*p**2 - 38*p**2 + 14*p**2 + p**3. Calculate w(7).
-11
Let i be (1 - (2 + 2 - 2))/1. Let v(y) be the third derivative of -y**5/20 - y**4/12 - y**3/6 + 2*y**2. Calculate v(i).
-2
Let r(f) = -f**3 + 3*f**2 + 5. Let h(i) = -1. Let b(s) = 4*h(s) + r(s). What is b(4)?
-15
Let r(o) = o**3 + o**2 + o + 1. Suppose -3*x - 3 = 0, -26 = -3*k - 2*k + x. Suppose -2*p - 4 = -k*y, 5 = y + 2*p - p. Let g be (-2)/(-3)*(-3)/y. Give r(g).
0
Let q(z) = z**3 - 5*z**2 + 5*z - 3. Let n be q(3). Let t(u) = 2*u - 1. Let a(f) = -f. Let p(h) = -5*a(h) - 2*t(h). Determine p(n).
-4
Let i(j) = 0*j**2 - 3*j**2 + 4*j**2 + j + 12. Let c be (10/(-2) + 5)/(1 - 0). Determine i(c).
12
Let v(p) = -p**3 + 10*p**2 - 9*p + 2. Let c = -40 + 49. Let s(t) = -t**2 + 6*t + 36. Let h be s(c). What is v(h)?
2
Let h(z) = z**3 + 17*z**2 + 28*z - 22. Let j be 179/(-12) + (-7)/84. What is h(j)?
8
Let r(i) = 7*i + 2. Suppose 34*t = 37*t - 12. Suppose t*x + 12 = -0*x, 5*x + 19 = -2*b. Calculate r(b).
-12
Let u(h) = h**2 + 6*h - 5. Let k be u(-8). Suppose 4*j = k + 13. Let w(q) = 2*q**2 - 1 + j*q**3 - 3*q**2 + q + 0*q**2. Calculate w(1).
5
Suppose 0 = n - 6 - 0. Let b(f) = f - 1. Let o(t) = 4*t - 3. Let i(r) = n*b(r) - o(r). Give i(4).
5
Let u(p) = -p**2 - 3*p - 2. Let z be u(-1). Suppose -2*i = 5*a - 57, 39 = 4*a + 3*i - 8*i. Let w(y) = -a - y + 1 + 5. Give w(z).
-5
Let b(u) = -4*u**3 - 17*u**2 + 12*u + 5. Let n(i) = -3*i**3 - 16*i**2 + 13*i + 5. Let s(z) = 2*b(z) - 3*n(z). Calculate s(-15).
-5
Let b(o) = 5*o - 8. Let l(x) = -x + 4. Let c be l(2). Suppose 2*z = -10 + c. Let f(a) = 6*a - 8. Let g(d) = z*f(d) + 5*b(d). What is g(5)?
-3
Let s(w) = -5*w + 3. Let m(r) = 9*r + 1. Let t(b) = -9*b. Let z(y) = -5*m(y) - 6*t(y). Let n be (-2)/5*(61 - 71). Let k(i) = n*z(i) + 7*s(i). Calculate k(-5).
-4
Let v(c) = 8*c + 6*c + 7*c - 25*c. What is v(3)?
-12
Let y(o) = 2*o**2 + 2*o + 1. Suppose -3*z + 12 = 3*c, 5*c = c + 3*z - 5. Let x(b) = -10 + 9 - 1 - b + 2*b. Let q be x(c). Give y(q).
1
Let i(o) = 2*o - 2. Let f(v) = v - 5. Let l be f(7). Let s be i(l). Let j(k) = -7*k**2 - 2 - 7*k + 2*k**3 - k**3 + 9 + 3*k**s. Determine j(5).
-3
Let s(g) = 2*g**3 - 5*g**2 + 2*g + 1. Let x(l) = -l**3 + 3*l**2 - l. Let h(a) = -3*s(a) - 7*x(a). Give h(6).
3
Let g(x) = -x**2 + 5*x + 6. Let c be g(5). Let b(w) be the second derivative of 0 + 1/6*w**3 - 2*w**2 + 8*w. Determine b(c).
2
Suppose 9 = -9*t + 12*t. Suppose h = t*h. Let d(z) = z + 1. Let c(v) = -v**2 - 2*v + 6. Let p(y) = -c(y) - 2*d(y). Give p(h).
-8
Let r(g) be the third derivative of -20*g**2 + 1/60*g**5 + 5/12*g**4 + 11/6*g**3 + 0*g + 0. Determine r(-9).
2
Let q(g) = -7*g**3 + 19*g**2 + 20*g - 39. Let m(z) = -3*z**3 + 9*z**2 + 9*z - 18. Let t(n) = -9*m(n) + 4*q(n). What is t(-6)?
48
Suppose -6 + 11 = i. Let c(v) = -2*v**2 + v - 7 + 6 + i*v**2. Give c(1).
3
Let f(p) = -27 - p + 55 - 16. Calculate f(0).
12
Let t(b) = -b**2 - 2*b. Let p be t(0). Let a(s) = -s - 21. Calculate a(p).
-21
Let n = -33 + 29. Let l(v) be the third derivative of -v**6/120 - v**5/12 + 2*v**3/3 + 53*v**2 - 2. Determine l(n).
-12
Suppose 0 = -3*v + y - 3*y - 4, -2*v - 2*y - 4 = 0. Let l(r) be the third derivative of -9*r**2 + 5/6*r**3 + 1/24*r**4 + v*r + 0. What is l(6)?
11
Let f(q) = q**2. Let j = -574 + 578. Let y(p) = 6*p + 1 - 7 + 4*p**2 - 5*p**2. Let b be y(j). What is f(b)?
4
Let w(v) = v - 30. Let h be w(34). Let m(p) = -p + 7. Calculate m(h).
3
Let l(n) be the third derivative of n**4/24 - 8*n**3/3 + 12*n**2. Let s be l(12). Let p(m) = m**2 + 5*m - 2. Give p(s).
-6
Let z(q) = 13*q**3 - 5*q**2 + 10*q + 2. Let v(p) = 37*p**3 - 15*p**2 + 29*p + 5. Let r(x) = 6*v(x) - 17*z(x). Let b be ((-36)/30)/((-3)/10). Calculate r(b).